{"id":3,"date":"2023-12-29T10:40:54","date_gmt":"2023-12-29T10:40:54","guid":{"rendered":"https:\/\/agir10.org\/cartographie\/?page_id=3"},"modified":"2025-12-22T14:21:02","modified_gmt":"2025-12-22T14:21:02","slug":"privacy-policy","status":"publish","type":"page","link":"https:\/\/agir10.org\/cartographie\/","title":{"rendered":"Accueil"},"content":{"rendered":"\t\t<div data-elementor-type=\"wp-page\" data-elementor-id=\"3\" class=\"elementor elementor-3\">\n\t\t\t\t<div class=\"elementor-element elementor-element-398e808 e-flex e-con-boxed e-con e-parent\" data-id=\"398e808\" data-element_type=\"container\" data-e-type=\"container\">\n\t\t\t\t\t<div class=\"e-con-inner\">\n\t\t\t\t<div class=\"elementor-element elementor-element-0d3f00a elementor-widget elementor-widget-image\" data-id=\"0d3f00a\" data-element_type=\"widget\" data-e-type=\"widget\" data-widget_type=\"image.default\">\n\t\t\t\t<div class=\"elementor-widget-container\">\n\t\t\t\t\t\t\t\t\t\t\t\t\t\t\t<img fetchpriority=\"high\" decoding=\"async\" width=\"350\" height=\"230\" src=\"https:\/\/agir10.org\/cartographie\/wp-content\/uploads\/2023\/12\/AGIR-pour-l-emploi-et-le-logement-des-personnes-refugiees_largeur_760.png\" class=\"attachment-large size-large wp-image-16\" alt=\"\" srcset=\"https:\/\/agir10.org\/cartographie\/wp-content\/uploads\/2023\/12\/AGIR-pour-l-emploi-et-le-logement-des-personnes-refugiees_largeur_760.png 350w, https:\/\/agir10.org\/cartographie\/wp-content\/uploads\/2023\/12\/AGIR-pour-l-emploi-et-le-logement-des-personnes-refugiees_largeur_760-300x197.png 300w\" sizes=\"(max-width: 350px) 100vw, 350px\" \/>\t\t\t\t\t\t\t\t\t\t\t\t\t\t\t<\/div>\n\t\t\t\t<\/div>\n\t\t\t\t\t<\/div>\n\t\t\t\t<\/div>\n\t\t<div class=\"elementor-element elementor-element-663b3d9f e-flex e-con-boxed e-con e-parent\" data-id=\"663b3d9f\" data-element_type=\"container\" data-e-type=\"container\">\n\t\t\t\t\t<div class=\"e-con-inner\">\n\t\t\t\t<div class=\"elementor-element elementor-element-19e3300a elementor-widget elementor-widget-text-editor\" data-id=\"19e3300a\" data-element_type=\"widget\" data-e-type=\"widget\" data-widget_type=\"text-editor.default\">\n\t\t\t\t<div class=\"elementor-widget-container\">\n\t\t\t\t\t\t\t\t\t<p class=\"wp-block-heading\"><strong>Bonjour et bienvenue sur la cartographie r\u00e9alis\u00e9e par Agir Aube<\/strong><\/p>\n<p><!-- \/wp:heading --><\/p>\n<p><!-- wp:paragraph --><\/p>\n<p>\ud83d\udd17 Nos actualit\u00e9s : <a href=\"https:\/\/www.linkedin.com\/in\/agir-aube\/\">https:\/\/www.linkedin.com\/in\/agir-aube\/<\/a><\/p>\n<p>\u00a0\ud83d\udccd 62 rue du 8 mai 1945, 10000 Troyes<br \/>\u00a0\ud83d\udce7 contact@10.agir.ong<br \/>\u00a0\ud83d\udcde 03 25 45 55 30<\/p>\n<p>\u00a0<\/p>\n<p><!-- \/wp:paragraph --><\/p>\t\t\t\t\t\t\t\t<\/div>\n\t\t\t\t<\/div>\n\t\t\t\t\t<\/div>\n\t\t\t\t<\/div>\n\t\t<div class=\"elementor-element elementor-element-33f6bdb e-flex e-con-boxed e-con e-parent\" data-id=\"33f6bdb\" data-element_type=\"container\" data-e-type=\"container\">\n\t\t\t\t\t<div class=\"e-con-inner\">\n\t\t\t\t<div class=\"elementor-element elementor-element-a1e75e8 elementor-widget elementor-widget-text-editor\" data-id=\"a1e75e8\" data-element_type=\"widget\" data-e-type=\"widget\" data-widget_type=\"text-editor.default\">\n\t\t\t\t<div class=\"elementor-widget-container\">\n\t\t\t\t\t\t\t\t\t<p><strong><span style=\"text-decoration: underline;\"><img decoding=\"async\" class=\"emoji\" role=\"img\" draggable=\"false\" src=\"https:\/\/s.w.org\/images\/core\/emoji\/17.0.2\/svg\/1f91d.svg\" alt=\"\ud83e\udd1d\" \/> LE DISPOSITIF<\/span><\/strong><\/p>\n<p>Le dispositif AGIR est un programme interminist\u00e9riel est pilot\u00e9 par la Direction g\u00e9n\u00e9rale des \u00e9trangers en France (DGEF) en partenariat avec la DIHAL, la DIAIR, l\u2019OFII et la DGEFP et men\u00e9 par un consortium d&rsquo;op\u00e9rateurs locaux : l&rsquo;AATM (Association pour l&rsquo;Accueil des Travailleurs et des Migrants), le PACT SOliHA de l&rsquo;Aube et la Croix-Rouge Fran\u00e7aise de l&rsquo;Aube.<\/p>\n<p><span style=\"text-decoration: underline;\"><strong>Prestation 1<\/strong><\/span> : Accompagner les b\u00e9n\u00e9ficiaires<br \/>Le programme AGIR vise \u00e0 syst\u00e9matiser l\u2019accompagnement global des b\u00e9n\u00e9ficiaires de la protection internationale (BPI) vers l\u2019emploi, le logement et l\u2019acc\u00e8s aux droits.<\/p>\n<p><span style=\"text-decoration: underline;\"><strong>Prestation 2 :<\/strong><\/span> Coordonner les acteurs de l\u2019int\u00e9gration<br \/>L\u2019objectif du programme AGIR est de proposer un guichet unique par d\u00e9partement pour favoriser l\u2019int\u00e9gration des BPI, pour des parcours adapt\u00e9s et sans rupture.<\/p>\n<p>Pour en savoir plus : <a href=\"https:\/\/refugies.info\/dispositif\/660d1f35de6312466236064f\">https:\/\/refugies.info\/dispositif\/660d1f35de6312466236064f<\/a><\/p>\n<p><strong><img decoding=\"async\" class=\"emoji\" role=\"img\" draggable=\"false\" src=\"https:\/\/s.w.org\/images\/core\/emoji\/17.0.2\/svg\/1f91d.svg\" alt=\"\ud83e\udd1d\" \/> <span style=\"text-decoration: underline;\">LA CARTOGRAPHIE<\/span><\/strong><\/p>\n<p>Dans le cadre du dispositif AGIR, nous avons r\u00e9alis\u00e9 une <strong>cartographie de l\u2019int\u00e9gration<\/strong> qui recense l\u2019ensemble des structures intervenant dans les domaines de l\u2019insertion sociale et professionnelle de droit commun, ainsi que celles \u0153uvrant sp\u00e9cifiquement dans le champ de l\u2019int\u00e9gration des <strong>B\u00e9n\u00e9ficiaires de la Protection Internationale (BPI)<\/strong> sur notre territoire aubois.<\/p>\n<p>Cet outil a vocation \u00e0 faciliter la lisibilit\u00e9 de l\u2019offre existante, \u00e0 renforcer les coop\u00e9rations entre acteurs et \u00e0 orienter plus efficacement les publics.<\/p>\n<p>Nous vous invitons \u00e0 :<\/p>\n<ol>\n<li><strong>Nous signaler les informations que vous souhaiteriez voir appara\u00eetre<\/strong> dans la cartographie concernant votre structure (services, missions, publics, etc.),<\/li>\n<li><strong>Nous indiquer les \u00e9l\u00e9ments que vous ne souhaitez pas voir diffus\u00e9s<\/strong>, afin de respecter vos choix de communication et les r\u00e8gles en mati\u00e8re de protection des donn\u00e9es,<\/li>\n<li><strong>Nous transmettre un descriptif<\/strong> de votre ou vos dispositifs (contenu de l\u2019accompagnement, conditions d\u2019acc\u00e8s, modalit\u00e9s de prescription, fonctionnement etc.) afin d\u2019enrichir la cartographie de mani\u00e8re pr\u00e9cise et utile.<\/li>\n<\/ol>\n<p>Via la page contact ou par mail \u00e0 <a href=\"mailto:contact@10.agir.ong\">contact@10.agir.ong<\/a> ou <a href=\"mailto:gasconp.externe@10.agir.ong\">gasconp.externe@10.agir.ong<\/a><\/p>\n<p>Pour des raisons de confidentialit\u00e9 et de respect du RGPD, les <strong>contacts directs de vos structures ne figureront pas<\/strong> sur la cartographie sauf volont\u00e9 de votre part. Si une personne souhaite contacter un.e r\u00e9f\u00e9rent.e ou un service en particulier, elle pourra en faire la demande aupr\u00e8s d\u2019AGIR, qui se chargera alors de transmettre la demande \u00e0 la structure concern\u00e9e.<\/p>\n<p>Nous comptons sur votre retour pour que cette cartographie soit la plus fid\u00e8le, claire et op\u00e9rationnelle possible.<\/p>\n<p>Nous restons bien entendu \u00e0 votre disposition pour toute pr\u00e9cision.<\/p>\t\t\t\t\t\t\t\t<\/div>\n\t\t\t\t<\/div>\n\t\t\t\t\t<\/div>\n\t\t\t\t<\/div>\n\t\t<div class=\"elementor-element elementor-element-f07489f e-flex e-con-boxed e-con e-parent\" data-id=\"f07489f\" data-element_type=\"container\" data-e-type=\"container\">\n\t\t\t\t\t<div class=\"e-con-inner\">\n\t\t\t\t<div class=\"elementor-element elementor-element-538591d elementor-widget elementor-widget-html\" data-id=\"538591d\" data-element_type=\"widget\" data-e-type=\"widget\" data-widget_type=\"html.default\">\n\t\t\t\t<div class=\"elementor-widget-container\">\n\t\t\t\t\t<iframe src=\"https:\/\/www.google.com\/maps\/d\/u\/1\/embed?mid=1oOLFSiYJ60qyKRvvMjShMpgPcdDvja4&ehbc=2E312F\" width=\"640\" height=\"480\"><\/iframe>\t\t\t\t<\/div>\n\t\t\t\t<\/div>\n\t\t\t\t\t<\/div>\n\t\t\t\t<\/div>\n\t\t\t\t<\/div>\n\t\t","protected":false},"excerpt":{"rendered":"<p>Bonjour et bienvenue sur la cartographie r\u00e9alis\u00e9e par Agir Aube \ud83d\udd17 Nos actualit\u00e9s : https:\/\/www.linkedin.com\/in\/agir-aube\/ \u00a0\ud83d\udccd 62 rue du 8 mai 1945, 10000 Troyes\u00a0\ud83d\udce7 contact@10.agir.ong\u00a0\ud83d\udcde 03 25 45 55 30 \u00a0 LE DISPOSITIF Le dispositif AGIR est un programme interminist\u00e9riel est pilot\u00e9 par la Direction g\u00e9n\u00e9rale des \u00e9trangers en France (DGEF) en partenariat avec la [&hellip;]<\/p>\n","protected":false},"author":1,"featured_media":0,"parent":0,"menu_order":0,"comment_status":"closed","ping_status":"open","template":"","meta":{"ocean_post_layout":"","ocean_both_sidebars_style":"","ocean_both_sidebars_content_width":0,"ocean_both_sidebars_sidebars_width":0,"ocean_sidebar":"","ocean_second_sidebar":"","ocean_disable_margins":"enable","ocean_add_body_class":"","ocean_shortcode_before_top_bar":"","ocean_shortcode_after_top_bar":"","ocean_shortcode_before_header":"","ocean_shortcode_after_header":"","ocean_has_shortcode":"","ocean_shortcode_after_title":"","ocean_shortcode_before_footer_widgets":"","ocean_shortcode_after_footer_widgets":"","ocean_shortcode_before_footer_bottom":"","ocean_shortcode_after_footer_bottom":"","ocean_display_top_bar":"default","ocean_display_header":"default","ocean_header_style":"","ocean_center_header_left_menu":"","ocean_custom_header_template":"","ocean_custom_logo":0,"ocean_custom_retina_logo":0,"ocean_custom_logo_max_width":0,"ocean_custom_logo_tablet_max_width":0,"ocean_custom_logo_mobile_max_width":0,"ocean_custom_logo_max_height":0,"ocean_custom_logo_tablet_max_height":0,"ocean_custom_logo_mobile_max_height":0,"ocean_header_custom_menu":"","ocean_menu_typo_font_family":"","ocean_menu_typo_font_subset":"","ocean_menu_typo_font_size":0,"ocean_menu_typo_font_size_tablet":0,"ocean_menu_typo_font_size_mobile":0,"ocean_menu_typo_font_size_unit":"px","ocean_menu_typo_font_weight":"","ocean_menu_typo_font_weight_tablet":"","ocean_menu_typo_font_weight_mobile":"","ocean_menu_typo_transform":"","ocean_menu_typo_transform_tablet":"","ocean_menu_typo_transform_mobile":"","ocean_menu_typo_line_height":0,"ocean_menu_typo_line_height_tablet":0,"ocean_menu_typo_line_height_mobile":0,"ocean_menu_typo_line_height_unit":"","ocean_menu_typo_spacing":0,"ocean_menu_typo_spacing_tablet":0,"ocean_menu_typo_spacing_mobile":0,"ocean_menu_typo_spacing_unit":"","ocean_menu_link_color":"","ocean_menu_link_color_hover":"","ocean_menu_link_color_active":"","ocean_menu_link_background":"","ocean_menu_link_hover_background":"","ocean_menu_link_active_background":"","ocean_menu_social_links_bg":"","ocean_menu_social_hover_links_bg":"","ocean_menu_social_links_color":"","ocean_menu_social_hover_links_color":"","ocean_disable_title":"default","ocean_disable_heading":"default","ocean_post_title":"","ocean_post_subheading":"","ocean_post_title_style":"","ocean_post_title_background_color":"","ocean_post_title_background":0,"ocean_post_title_bg_image_position":"","ocean_post_title_bg_image_attachment":"","ocean_post_title_bg_image_repeat":"","ocean_post_title_bg_image_size":"","ocean_post_title_height":0,"ocean_post_title_bg_overlay":0.5,"ocean_post_title_bg_overlay_color":"","ocean_disable_breadcrumbs":"default","ocean_breadcrumbs_color":"","ocean_breadcrumbs_separator_color":"","ocean_breadcrumbs_links_color":"","ocean_breadcrumbs_links_hover_color":"","ocean_display_footer_widgets":"default","ocean_display_footer_bottom":"default","ocean_custom_footer_template":"","footnotes":""},"class_list":["post-3","page","type-page","status-publish","hentry","entry"],"_links":{"self":[{"href":"https:\/\/agir10.org\/cartographie\/index.php?rest_route=\/wp\/v2\/pages\/3","targetHints":{"allow":["GET"]}}],"collection":[{"href":"https:\/\/agir10.org\/cartographie\/index.php?rest_route=\/wp\/v2\/pages"}],"about":[{"href":"https:\/\/agir10.org\/cartographie\/index.php?rest_route=\/wp\/v2\/types\/page"}],"author":[{"embeddable":true,"href":"https:\/\/agir10.org\/cartographie\/index.php?rest_route=\/wp\/v2\/users\/1"}],"replies":[{"embeddable":true,"href":"https:\/\/agir10.org\/cartographie\/index.php?rest_route=%2Fwp%2Fv2%2Fcomments&post=3"}],"version-history":[{"count":41,"href":"https:\/\/agir10.org\/cartographie\/index.php?rest_route=\/wp\/v2\/pages\/3\/revisions"}],"predecessor-version":[{"id":3537,"href":"https:\/\/agir10.org\/cartographie\/index.php?rest_route=\/wp\/v2\/pages\/3\/revisions\/3537"}],"wp:attachment":[{"href":"https:\/\/agir10.org\/cartographie\/index.php?rest_route=%2Fwp%2Fv2%2Fmedia&parent=3"}],"curies":[{"name":"wp","href":"https:\/\/api.w.org\/{rel}","templated":true}]}}

<div data-elementor-type="wp-page" data-elementor-id="3" class="elementor elementor-3">
				<div class="elementor-element elementor-element-398e808 e-flex e-con-boxed e-con e-parent" data-id="398e808" data-element_type="container" data-e-type="container">
					<div class="e-con-inner">
				<div class="elementor-element elementor-element-0d3f00a elementor-widget elementor-widget-image" data-id="0d3f00a" data-element_type="widget" data-e-type="widget" data-widget_type="image.default">
				<div class="elementor-widget-container">
															<img fetchpriority="high" decoding="async" width="350" height="230" src="https://agir10.org/cartographie/wp-content/uploads/2023/12/AGIR-pour-l-emploi-et-le-logement-des-personnes-refugiees_largeur_760.png" class="attachment-large size-large wp-image-16" alt="" srcset="https://agir10.org/cartographie/wp-content/uploads/2023/12/AGIR-pour-l-emploi-et-le-logement-des-personnes-refugiees_largeur_760.png 350w, https://agir10.org/cartographie/wp-content/uploads/2023/12/AGIR-pour-l-emploi-et-le-logement-des-personnes-refugiees_largeur_760-300x197.png 300w" sizes="(max-width: 350px) 100vw, 350px" />															</div>
				</div>
					</div>
				</div>
		<div class="elementor-element elementor-element-663b3d9f e-flex e-con-boxed e-con e-parent" data-id="663b3d9f" data-element_type="container" data-e-type="container">
					<div class="e-con-inner">
				<div class="elementor-element elementor-element-19e3300a elementor-widget elementor-widget-text-editor" data-id="19e3300a" data-element_type="widget" data-e-type="widget" data-widget_type="text-editor.default">
				<div class="elementor-widget-container">
									<p class="wp-block-heading"><strong>Bonjour et bienvenue sur la cartographie réalisée par Agir Aube</strong></p>
<p><!-- /wp:heading --></p>
<p><!-- wp:paragraph --></p>
<p>🔗 Nos actualités : <a href="https://www.linkedin.com/in/agir-aube/">https://www.linkedin.com/in/agir-aube/</a></p>
<p> 📍 62 rue du 8 mai 1945, 10000 Troyes<br /> 📧 contact@10.agir.ong<br /> 📞 03 25 45 55 30</p>
<p> </p>
<p><!-- /wp:paragraph --></p>								</div>
				</div>
					</div>
				</div>
		<div class="elementor-element elementor-element-33f6bdb e-flex e-con-boxed e-con e-parent" data-id="33f6bdb" data-element_type="container" data-e-type="container">
					<div class="e-con-inner">
				<div class="elementor-element elementor-element-a1e75e8 elementor-widget elementor-widget-text-editor" data-id="a1e75e8" data-element_type="widget" data-e-type="widget" data-widget_type="text-editor.default">
				<div class="elementor-widget-container">
									<p><strong><span style="text-decoration: underline;"><img decoding="async" class="emoji" role="img" draggable="false" src="https://s.w.org/images/core/emoji/17.0.2/svg/1f91d.svg" alt="🤝" /> LE DISPOSITIF</span></strong></p>
<p>Le dispositif AGIR est un programme interministériel est piloté par la Direction générale des étrangers en France (DGEF) en partenariat avec la DIHAL, la DIAIR, l’OFII et la DGEFP et mené par un consortium d&rsquo;opérateurs locaux : l&rsquo;AATM (Association pour l&rsquo;Accueil des Travailleurs et des Migrants), le PACT SOliHA de l&rsquo;Aube et la Croix-Rouge Française de l&rsquo;Aube.</p>
<p><span style="text-decoration: underline;"><strong>Prestation 1</strong></span> : Accompagner les bénéficiaires<br />Le programme AGIR vise à systématiser l’accompagnement global des bénéficiaires de la protection internationale (BPI) vers l’emploi, le logement et l’accès aux droits.</p>
<p><span style="text-decoration: underline;"><strong>Prestation 2 :</strong></span> Coordonner les acteurs de l’intégration<br />L’objectif du programme AGIR est de proposer un guichet unique par département pour favoriser l’intégration des BPI, pour des parcours adaptés et sans rupture.</p>
<p>Pour en savoir plus : <a href="https://refugies.info/dispositif/660d1f35de6312466236064f">https://refugies.info/dispositif/660d1f35de6312466236064f</a></p>
<p><strong><img decoding="async" class="emoji" role="img" draggable="false" src="https://s.w.org/images/core/emoji/17.0.2/svg/1f91d.svg" alt="🤝" /> <span style="text-decoration: underline;">LA CARTOGRAPHIE</span></strong></p>
<p>Dans le cadre du dispositif AGIR, nous avons réalisé une <strong>cartographie de l’intégration</strong> qui recense l’ensemble des structures intervenant dans les domaines de l’insertion sociale et professionnelle de droit commun, ainsi que celles œuvrant spécifiquement dans le champ de l’intégration des <strong>Bénéficiaires de la Protection Internationale (BPI)</strong> sur notre territoire aubois.</p>
<p>Cet outil a vocation à faciliter la lisibilité de l’offre existante, à renforcer les coopérations entre acteurs et à orienter plus efficacement les publics.</p>
<p>Nous vous invitons à :</p>
<ol>
<li><strong>Nous signaler les informations que vous souhaiteriez voir apparaître</strong> dans la cartographie concernant votre structure (services, missions, publics, etc.),</li>
<li><strong>Nous indiquer les éléments que vous ne souhaitez pas voir diffusés</strong>, afin de respecter vos choix de communication et les règles en matière de protection des données,</li>
<li><strong>Nous transmettre un descriptif</strong> de votre ou vos dispositifs (contenu de l’accompagnement, conditions d’accès, modalités de prescription, fonctionnement etc.) afin d’enrichir la cartographie de manière précise et utile.</li>
</ol>
<p>Via la page contact ou par mail à <a href="mailto:contact@10.agir.ong">contact@10.agir.ong</a> ou <a href="mailto:gasconp.externe@10.agir.ong">gasconp.externe@10.agir.ong</a></p>
<p>Pour des raisons de confidentialité et de respect du RGPD, les <strong>contacts directs de vos structures ne figureront pas</strong> sur la cartographie sauf volonté de votre part. Si une personne souhaite contacter un.e référent.e ou un service en particulier, elle pourra en faire la demande auprès d’AGIR, qui se chargera alors de transmettre la demande à la structure concernée.</p>
<p>Nous comptons sur votre retour pour que cette cartographie soit la plus fidèle, claire et opérationnelle possible.</p>
<p>Nous restons bien entendu à votre disposition pour toute précision.</p>								</div>
				</div>
					</div>
				</div>
		<div class="elementor-element elementor-element-f07489f e-flex e-con-boxed e-con e-parent" data-id="f07489f" data-element_type="container" data-e-type="container">
					<div class="e-con-inner">
				<div class="elementor-element elementor-element-538591d elementor-widget elementor-widget-html" data-id="538591d" data-element_type="widget" data-e-type="widget" data-widget_type="html.default">
				<div class="elementor-widget-container">
					<iframe src="https://www.google.com/maps/d/u/1/embed?mid=1oOLFSiYJ60qyKRvvMjShMpgPcdDvja4&ehbc=2E312F" width="640" height="480"></iframe>				</div>
				</div>
					</div>
				</div>
				</div>

<p>Bonjour et bienvenue sur la cartographie réalisée par Agir Aube 🔗 Nos actualités : https://www.linkedin.com/in/agir-aube/  📍 62 rue du 8 mai 1945, 10000 Troyes 📧 contact@10.agir.ong 📞 03 25 45 55 30   LE DISPOSITIF Le dispositif AGIR est un programme interministériel est piloté par la Direction générale des étrangers en France (DGEF) en partenariat avec la [&hellip;]</p>
